 12*p + 188023 - 223312. What are the prime factors of p?
2, 5, 2663
Suppose 0 = 33*m + 32 - 98. Suppose 2*s - b - m = 14, -4*s + 3*b = -34. List the prime factors of s.
7
Let v(p) = 439*p**2 + 4*p - 10. Let y be v(2). Suppose -17*s + 6338 = -y. What are the prime factors of s?
2, 7, 17
Let s be (-4)/(2 + 50/(-24)). Let g = s + -43. Suppose -5*u + 2*x - 7*x + 60 = 0, 3*u + g*x = 28. List the prime factors of u.
2
Let g(a) = 15*a - 288. Let f(v) = -v. Let h(x) = -4*f(x) - g(x). List the prime factors of h(-39).
3, 239
Suppose 3*o = 182 + 1681. Let v be ((-15)/(-6))/(-5) - o/(-2). Let a = -215 + v. List the prime factors of a.
5, 19
Let g = 64 - 62. Let k = 57 - -161. Suppose 5*z - 4*z = g, 4*d + z = k. List the prime factors of d.
2, 3
Suppose -2*l - 142 = -8*r + 2*r, -4*l = 4*r + 236. Let h = 49 + 179. Let n = l + h. List the prime factors of n.
2, 83
Suppose -4*u + 252 = -244. Suppose 3*k + u = 58. Let s(h) = h**2 + 20*h + 28. List the prime factors of s(k).
2, 3
Let o(r) = 19*r**2 + 80*r - 21. What are the prime factors of o(-28)?
5, 7, 19
Let a = 17 - 6. Let i(j) be the second derivative of j**3/2 + 15*j**2 - j - 1879. What are the prime factors of i(a)?
3, 7
Suppose 14*o = 534487 - 178159. List the prime factors of o.
2, 3, 7, 101
Suppose -4*n - 4*g + 29156 = 0, -95*n = -92*n + 5*g - 21867. What are the prime factors of n?
37, 197
List the prime factors of 11250876/(-312)*6/(-28) + 2/(-8).
7727
Let c(v) = 594*v**3 + 2*v**2 + 2*v + 1. Let p be c(-1). Let g = p - -1293. What are the prime factors of g?
2, 5, 7
Suppose -16*j - 23 - 25 = 0. Let l(o) = 27*o**2 - 6*o - 8. List the prime factors of l(j).
11, 23
Suppose j - 30*j - 113627 = -942331. List the prime factors of j.
2, 19, 47
Let k = -47 - -41. Let r be 9/k*1 + 11/2. Suppose y = -r, v + 0*y - 80 = 4*y. What are the prime factors of v?
2
Let n = -43705 - -67791. List the prime factors of n.
2, 12043
Suppose -27*f + 30*f - 35095 - 19064 = 0. List the prime factors of f.
7, 2579
Suppose -5*o + p = -1 - 6, 0 = 4*p - 12. Suppose 5*t + w - 1538 = 0, 6*w - o*w = 2*t - 624. Suppose 0 = -f + 5*f - t. List the prime factors of f.
7, 11
Let p(c) = 2*c**2 - 22*c + 4. Let d be p(11). Let f(b) = 0*b**2 - d + 5*b**2 + 1 + 2. List the prime factors of f(-3).
2, 11
Let u(o) be the third derivative of -o**6/120 - o**5/5 + 11*o**4/24 - 49*o**3/6 + o**2 + 47. List the prime factors of u(-14).
3, 7
Let w(y) = -y**3 + 3*y**2 - 3*y + 852. Let k be w(0). Suppose 6*s - 8*s = 3*h - 1739, -5*h = s - k. What are the prime factors of s?
877
Let b = -2197 - -3078. What are the prime factors of b?
881
Suppose -2*f + 8*l - 9*l + 3 = 0, -3 = f - l. Suppose 4*h - 5781 = 3*d, f = 3*h - 7*d + 4*d - 4338. List the prime factors of h.
3, 13, 37
Let v = -506 - -4784. List the prime factors of v.
2, 3, 23, 31
Let n be ((-18)/(-36))/(1/10). Suppose -n*d - 4*v - 5199 = -10*d, 2*v - 4180 = -4*d. What are the prime factors of d?
7, 149
Let f(s) = -s**3 + s. Let h be f(0). Suppose -18*p + 3863 + 7729 = h. List the prime factors of p.
2, 7, 23
Let c(p) = p**3 + 2*p + 14. Let h be c(0). Suppose 3*q = 31 + h. What are the prime factors of 6/4*(1385/q + -3)?
2, 67
List the prime factors of 4/5*(-86050)/(-4).
2, 5, 1721
Suppose -31*x = -416730 + 140830. List the prime factors of x.
2, 5, 89
Let a(j) = j**3 + 91*j**2 - 136*j + 276. What are the prime factors of a(-92)?
2, 23, 47
Let i be (7 - 3)*(-3)/(-4) + 260. Suppose -3*w + 2*d = d - i, d = 4*w - 352. Suppose -6*m + w = -5*m. List the prime factors of m.
89
Let n = -79433 - -131734. List the prime factors of n.
52301
What are the prime factors of (-1315)/((-7)/21*9*(-4)/(-12))?
5, 263
What are the prime factors of 18/(108/(-2))*(-103746 + 3)?
3, 11527
Suppose d = -3*y + 25, 8*y - 7*y + 113 = 4*d. Suppose d*k - 8940 = -1380. What are the prime factors of k?
2, 3, 5
Let v(f) = -2*f**2 + 23*f + 42. Let q be v(13). Suppose -3*k - 5*u + 2152 = 0, 2*k + q*k - 2*u = 3597. What are the prime factors of k?
719
Let l = -23 + 26. Suppose 5 = -3*q + 3*w + 14, 5*w = l*q - 15. Suppose -6*h + 544 - 52 = q. List the prime factors of h.
2, 41
Let s(o) = -o**2 - 5*o + 20. Let u be s(-7). Let t(k) = 2*k**3 - k**2 - 2*k + 51. What are the prime factors of t(u)?
3, 5, 29
Let a = 17301 + -5594. List the prime factors of a.
23, 509
Suppose 0 = -483*i + 71*i + 9473116. What are the prime factors of i?
22993
Let t be (-78)/(-14) - 18/(-42). Let y be (5 + 12/(-4))/(4/t). Suppose 2*s = -l - y, -3*s + 1 = 3*l + s. List the prime factors of l.
7
Let g(x) = 6851*x + 577. What are the prime factors of g(7)?
2, 3, 8089
Suppose 15825 + 9374 = 2*q - q. List the prime factors of q.
113, 223
Suppose -65*o - 31590 = -83*o. Suppose 11*q + 127 = o. What are the prime factors of q?
2, 37
Let o be (2 - 1 - -3) + 1. Suppose -4*d - 62 = -2*v + 3*v, 0 = o*v + 10. List the prime factors of ((-6)/4)/(d/1660).
2, 83
Let h = 548 - 300. Suppose -h*p = -249*p + 680. List the prime factors of p.
2, 5, 17
Let v(t) = 43*t + 13. Let o be v(-3). Let j = 202 + o. Suppose 4*g + 2*x = 416, -g = 3*x + 2*x - j. List the prime factors of g.
2, 53
Let q = 8287 + -5803. Suppose 0 = 17*v - 1069 - q. List the prime factors of v.
11, 19
Let v(j) = 3*j**3 + 2*j**2 + 4*j - 6. Let x be v(4). Suppose -x = 3*z - 234. Let w(c) = -c**3 + c**2 - 2*c + 189. List the prime factors of w(z).
3, 7
What are the prime factors of 45606 + 3 + (-434)/(-105) + (-4)/30?
45613
Let x = -13 - -13. Let m(s) = 68*s + 217. Let w be m(-3). Suppose x = -14*y + 15*y - w. List the prime factors of y.
13
Suppose 0 = -2*m + 155 + 1089. Suppose -6 = -4*i + 2*i, -m = -4*l - 2*i. Let n = -23 + l. What are the prime factors of n?
131
Suppose 4 = 4*t, 0 = -2*s + 5*t - 22 - 369. Let q = -32 - s. List the prime factors of q.
7, 23
What are the prime factors of 312*744/18 + 1 + -5?
2, 11, 293
Let l = 29009 - 16531. List the prime factors of l.
2, 17, 367
Let t be ((-18)/10)/3*(-10)/(-2). Let l(y) = y**3 - 3*y. Let w be l(t). What are the prime factors of (w/(-27) + 71/(-3))*-3?
3, 23
Suppose -73*d = -71*d - 7926. What are the prime factors of (d*5/(-45))/((-1)/3)?
1321
Let m(h) be the third derivative of 5*h**4/6 + 2*h**3/3 - 7*h**2. Let u be m(-2). Let g = -23 - u. List the prime factors of g.
13
Let d = -516 + 9872. List the prime factors of d.
2, 2339
Suppose -2*z - q + 468 = 0, -6*q + 952 = 4*z - 8*q. Let s be 36/(-1*(-3)/12). Let o = z - s. List the prime factors of o.
2, 23
Let z = -38 + 32. Let m be (-1)/z + (-10107)/54. Let o = m - -346. What are the prime factors of o?
3, 53
Let m be 8/(-60) + 205037/15 + -1. Suppose 14*v - m = 11714. List the prime factors of v.
7, 37
Let t = -153 + 18. Let f = -1 - t. Suppose -f = -9*o + 604. What are the prime factors of o?
2, 41
Let p be 38/12 - 0 - 1/6. Suppose s - b + 15 = 4*s, -3*s + 21 = p*b. Suppose s*u - 974 = -5*o, 4*o = -0*o + 2*u + 774. List the prime factors of o.
2, 97
Suppose 5*r - 40599 = -4*j + 15777, 3 = -3*j. What are the prime factors of r?
2, 2819
Let w = 17 - -238. Let j(v) = 95*v - 13. Let x be j(-1). Let u = x + w. List the prime factors of u.
3, 7
Suppose -2*m = -5*x - 69, 2*m - x + 20 = 69. Suppose -4*b - f + 378 = 0, -5*f = -3*b + m + 273. What are the prime factors of b?
5, 19
Let t = 58 - 114. Let v = t - -50. What are the prime factors of (-1)/v - (-1414)/12?
2, 59
Let w(p) = 3*p + 3 - 3 - 4 - 2. Let g be w(-5). What are the prime factors of (g/14)/((-3)/116)?
2, 29
Let z(x) = 10*x**2 + 58*x + 31. Suppose 0 = -9*b + 7*b - 3*k - 19, 23 = -2*b + k. List the prime factors of z(b).
3, 67
Let c be (-7 - -3)/((-3)/162*4). Let v be (-12)/c - (-47)/9. Suppose 0 = -0*k + 3*k - 6, -v*k = 2*r - 108. List the prime factors of r.
7
List the prime factors of ((-75220)/(-40))/((-4)/(-32)).
2, 3761
Let j = 64 - 58. Suppose 0 = j*n + 286 + 86. Let x = 43 - n. What are the prime factors of x?
3, 5, 7
Let m = -12576 - -23206. What are the prime factors of m?
2, 5, 1063
Let x(w) = 0 + 4 + 3 + 13*w + 1. Suppose 8*q = -4*q + 72. What are the prime factors of x(q)?
2, 43
Suppose 13439 = q - 5*n, q + 3*n - 13404 = n. List the prime factors of q.
2, 19, 353
Let m(r) = 36*r**2 + 104*r + 116. What are the prime factors of m(-11)?
2, 13
List the prime factors of (-4)/(-14)*(77 + 217).
2, 3, 7
Suppose 4*x + 2676 = 4*n + x, -4*n - 4*x + 26